 is divided by 942.
64
Calculate the remainder when 511054 is divided by 323.
68
Calculate the remainder when 616616493 is divided by 20.
13
Calculate the remainder when 1465039 is divided by 162782.
1
Calculate the remainder when 409850 is divided by 2383.
2357
What is the remainder when 79377 is divided by 39602?
173
Calculate the remainder when 8286077 is divided by 315.
2
What is the remainder when 582978 is divided by 8968?
58
What is the remainder when 90322 is divided by 17981?
417
Calculate the remainder when 117545 is divided by 38995.
560
What is the remainder when 237413 is divided by 21562?
231
What is the remainder when 3927314 is divided by 1329?
119
What is the remainder when 526837 is divided by 714?
619
Calculate the remainder when 3479323 is divided by 4819.
5
Calculate the remainder when 16045899 is divided by 8022919.
61
What is the remainder when 142354064 is divided by 6778764?
20
What is the remainder when 5683346 is divided by 66?
20
Calculate the remainder when 8211668 is divided by 170.
158
What is the remainder when 4831396 is divided by 1610427?
115
Calculate the remainder when 50979 is divided by 50960.
19
Calculate the remainder when 1097769 is divided by 545.
139
Calculate the remainder when 5173215 is divided by 1437.
15
What is the remainder when 7696638 is divided by 7696628?
10
What is the remainder when 332947 is divided by 3542?
3541
Calculate the remainder when 39575192 is divided by 18.
14
Calculate the remainder when 112858510 is divided by 209.
182
What is the remainder when 108409 is divided by 116?
65
Calculate the remainder when 17492 is divided by 626.
590
Calculate the remainder when 369903 is divided by 143.
105
What is the remainder when 11314029 is divided by 12?
9
Calculate the remainder when 114095 is divided by 14141.
967
What is the remainder when 55034360 is divided by 752?
744
Calculate the remainder when 758510 is divided by 63184.
302
Calculate the remainder when 173972797 is divided by 77.
75
What is the remainder when 36722066 is divided by 223915?
6
What is the remainder when 1635983 is divided by 3134?
35
What is the remainder when 78065672 is divided by 161?
153
Calculate the remainder when 305095 is divided by 30505.
45
What is the remainder when 479279 is divided by 68466?
17
Calculate the remainder when 4977310 is divided by 564.
10
What is the remainder when 780017 is divided by 129995?
47
What is the remainder when 485436 is divided by 330?
6
Calculate the remainder when 5060819 is divided by 33.
5
What is the remainder when 6685841 is divided by 1129?
1032
Calculate the remainder when 16686172 is divided by 285.
277
What is the remainder when 974443 is divided by 243539?
287
What is the remainder when 81877631 is divided by 2279?
2277
Calculate the remainder when 114157 is divided by 12465.
1972
What is the remainder when 8793083 is divided by 799371?
2
What is the remainder when 1358156 is divided by 450?
56
Calculate the remainder when 23429043 is divided by 3280.
3
Calculate the remainder when 19925 is divided by 17885.
2040
What is the remainder when 65964986 is divided by 21?
17
What is the remainder when 24935565 is divided by 141?
138
Calculate the remainder when 279537225 is divided by 552.
9
What is the remainder when 2218748 is divided by 5?
3
What is the remainder when 2592121 is divided by 649?
15
Calculate the remainder when 12135267 is divided by 2458.
121
What is the remainder when 2811273 is divided by 1686?
711
Calculate the remainder when 11529687 is divided by 458.
453
What is the remainder when 37233113 is divided by 240?
233
Calculate the remainder when 2936208 is divided by 978727.
27
What is the remainder when 19814365 is divided by 871?
857
What is the remainder when 122137 is divided by 24318?
547
What is the remainder when 179065 is divided by 2712?
73
What is the remainder when 14328350 is divided by 72?
62
Calculate the remainder when 9756924 is divided by 1915.
1914
Calculate the remainder when 8754740 is divided by 81.
17
What is the remainder when 327749 is divided by 54561?
383
Calculate the remainder when 1303791 is divided by 238.
27
What is the remainder when 9858580 is divided by 3416?
4
Calculate the remainder when 31444168 is divided by 10.
8
Calculate the remainder when 165300 is divided by 164977.
323
What is the remainder when 56855 is divided by 34?
7
Calculate the remainder when 6351622 is divided by 31758.
22
Calculate the remainder when 4488588 is divided by 35.
13
Calculate the remainder when 2116090 is divided by 813.
664
What is the remainder when 55768639 is divided by 1479?
1465
What is the remainder when 23731924 is divided by 1318440?
4
What is the remainder when 2777158 is divided by 19696?
22
What is the remainder when 21882 is divided by 13?
3
What is the remainder when 116917156 is divided by 19?
10
Calculate the remainder when 42003 is divided by 3313.
2247
Calculate the remainder when 996904 is divided by 996897.
7
What is the remainder when 123302 is divided by 3991?
3572
What is the remainder when 1499934 is divided by 4132?
18
Calculate the remainder when 224622 is divided by 74610.
792
What is the remainder when 1159166 is divided by 74?
30
What is the remainder when 68078 is divided by 176?
142
Calculate the remainder when 1737364 is divided by 53.
24
Calculate the remainder when 249923 is divided by 245102.
4821
What is the remainder when 1320209 is divided by 84?
65
What is the remainder when 734673 is divided by 4650?
4623
Calculate the remainder when 13879 is divided by 3454.
63
Calculate the remainder when 25257273 is divided by 984.
945
Calculate the remainder when 15645266 is divided by 767.
0
What is the remainder when 124265 is divided by 2954?
197
Calculate the remainder when 1659358 is divided by 414832.
30
Calculate the remainder when 117986398 is divided by 120.
118
What is the remainder when 203667 is divided by 2645?
2
Calculate the remainder when 3057338 is divided by 72.
2
Calculate the remainder when 3449289 is divided by 2041.
2040
What is the remainder when 13202231 is divided by 288?
23
What is the remainder when 15527 is divided by 1122?
941
What is the remainder when 7465693 is divided by 3732844?
5
Calculate the remainder when 1074177 is divided by 148.
141
Calculate the remainder when 251784 is divided by 246264.
5520
What is the remainder when 1217758 is divided by 404078?
5524
Calculate the remainder when 858707 is divided by 136.
3
What is the remainder when 89970 is divided by 6344?
1154
What is the remainder when 8191026 is divided by 336?
18
Calculate the remainder when 2456192 is divided by 4883.
43
Calculate the remainder when 1257008 is divided by 2422.
2412
What is the remainder when 10914379 is divided by 47870?
19
Calculate the remainder when 5120982 is divided by 104.
22
Calculate the remainder when 135330 is divided by 8413.
722
What is the remainder when 5404 is divided by 5154?
250
Calculate the remainder when 933524 is divided by 30.
14
Calculate the remainder when 75498635 is divided by 70.
65
Calculate the remainder when 29701711 is divided by 3300186.
37
What is the remainder when 1663527 is divided by 35?
12
What is the remainder when 420894 is divided by 228?
6
What is the remainder when 70154693 is divided by 65?
63
What is the remainder when 28459810 is divided by 809?
808
Calculate the remainder when 22354580 is divided by 1176.
1172
Calculate the remainder when 8248057 is divided by 7.
6
What is the remainder when 6647372 is divided by 27?
26
What is the remainder when 483938 is divided by 40321?
86
What is the remainder when 53026 is divided by 984?
874
Calculate the remainder when 288152102 is divided by 305.
302
What is the remainder when 10473151 is divided by 17?
12
What is the remainder when 525639 is divided by 3141?
1092
Calculate the remainder when 53649 is divided by 1272.
225
Calculate the remainder when 147667 is divided by 345.
7
Calculate the remainder when 55367 is divided by 106.
35
What is the remainder when 193623513 is divided by 2383?
2380
Calculate the remainder when 764044 is divided by 84892.
16
What is the remainder when 344178 is divided by 3216?
66
Calculate the remainder when 1690544 is divided by 1638.
128
What is the remainder when